{"id":254,"date":"2017-01-24T12:10:27","date_gmt":"2017-01-24T12:10:27","guid":{"rendered":"http:\/\/blekhonnun.is\/fornleifafelag\/?page_id=254"},"modified":"2017-01-24T12:10:27","modified_gmt":"2017-01-24T12:10:27","slug":"thingey","status":"publish","type":"page","link":"http:\/\/fornleifafelag.is\/?page_id=254","title":{"rendered":"\u00deingey"},"content":{"rendered":"<h1 class=\"newsheadline\">Ranns\u00f3knir \u00ed \u00deingey 2005. Br\u00e1\u00f0abirg\u00f0ask\u00fdrsla<\/h1>\n<h2><\/h2>\n<h2>Forn gar\u00f0l\u00f6g \u00ed S-\u00deingeyjars\u00fdslu<br \/>\nUm \u00feessar mundir fer fram umfangsmikil ranns\u00f3kn \u00e1 gar\u00f0l\u00f6gum \u00ed Su\u00f0ur-\u00deingeyjars\u00fdslu. \u00dear finnast v\u00ed\u00f0a miklir og fornlegir gar\u00f0ar sem liggja b\u00e6\u00f0i \u00e1 hei\u00f0um uppi og ni\u00f0ri \u00ed bygg\u00f0. K\u00f6nnun og kortlagning \u00e1 loftmyndum hefur leitt \u00ed lj\u00f3s alls um 150 km af g\u00f6r\u00f0um. B\u00e6ndur hafa veitt \u00feessum merkilegu mannvirkjum athygli gegnum aldirnar, enda eru \u00feau oft tilkomumikil og getur hver gar\u00f0ur veri\u00f0 allt upp \u00ed 8-10 m brei\u00f0ur. \u00de\u00f3 eru \u00feeir oft svo signir og m\u00e1\u00f0ir a\u00f0 erfitt er a\u00f0 koma auga \u00e1 \u00fe\u00e1 \u00e1 j\u00f6r\u00f0u ni\u00f0ri. \u00c1 hinn b\u00f3ginn hefur heildinni aldrei veri\u00f0 gefinn gaumur og \u00fev\u00ed veit \u00ed raun enginn hvernig gar\u00f0akerfi\u00f0 var upp byggt e\u00f0a hva\u00f0a tilgangi \u00fea\u00f0 \u00fej\u00f3na\u00f0i.<\/h2>\n<p>Ey\u00f0ur \u00ed gar\u00f0amynstrinu benda til \u00feess a\u00f0 50-100 km til vi\u00f0b\u00f3tar hafi horfi\u00f0 vegna jar\u00f0vegsey\u00f0ingar. Samfella gar\u00f0laganna bendir til \u00feess a\u00f0 \u00feau s\u00e9u flest fr\u00e1 sama t\u00edma og frumathuganir \u00e1 gj\u00f3skul\u00f6gum benda til \u00feess a\u00f0 \u00feau hafi veri\u00f0 komin \u00far notkun t\u00f6luvert \u00e1\u00f0ur en gj\u00f3skulagi\u00f0 V-1477 f\u00e9ll og sum jafnvel fyrir 1300.<\/p>\n<p>Gar\u00f0l\u00f6gin n\u00e1 yfir mj\u00f6g st\u00f3rt sv\u00e6\u00f0i og umfang \u00feeirra s\u00fdnir a\u00f0 \u00f3hemju mikil vinna hefur veri\u00f0 l\u00f6g\u00f0 \u00ed hle\u00f0sluna og hefur til \u00feess \u00feurft miki\u00f0 vinnuafl. \u00deannig geta \u00feau ekki einungis gefi\u00f0 v\u00edsbendingu um beitarstj\u00f3rnun og landn\u00fdtingu til forna heldur einnig veri\u00f0 \u00f3metanleg heimild um samf\u00e9lagsger\u00f0 og samvinnu manna \u00e1 milli.<\/p>\n<p>Helsta markmi\u00f0 yfirstandandi ranns\u00f3kna \u00e1 g\u00f6r\u00f0unum er a\u00f0 kortleggja \u00fe\u00e1 me\u00f0 bestu f\u00e1anlegu t\u00e6kni, \u00fe.e. \u00fdmsum tegundum mismunandi loftmynda sem eru settar inn \u00ed s\u00e9rh\u00e6f\u00f0 kortaforrit. Einnig ver\u00f0a gar\u00f0ar aldursgreindir \u00e1 v\u00f6ldum st\u00f6\u00f0um me\u00f0 uppgr\u00f6ftum og a\u00f0fer\u00f0um gj\u00f3skulagafr\u00e6\u00f0i og tengsl \u00feeirra vi\u00f0 \u00fdmsa minjasta\u00f0i athugu\u00f0, s.s. b\u00fdlisr\u00fastir. \u00de\u00e1 ver\u00f0a \u00e1hrif gr\u00f3\u00f0urey\u00f0ingar \u00e1 \u00fe\u00e1 k\u00f6nnu\u00f0 og leita\u00f0 lei\u00f0a til a\u00f0 kynna \u00feessar merku fornminjar fyrir almenningi.<\/p>\n<p>Verkefnish\u00f3pur<\/p>\n<p>Dr \u00c1rni Einarsson<\/p>\n<p>Professor Christian Keller<\/p>\n<p>Dr Orri V\u00e9steinsson<\/p>\n<p>Birna L\u00e1rusd\u00f3ttir<\/p>\n<p>El\u00edn \u00d3sk Hrei\u00f0arsd\u00f3ttir<\/p>\n<p>Oscar Aldred<\/p>\n<p>Teki\u00f0 af vef <a href=\"http:\/\/www.fornleifafelag.is\/www.instarch.is\" target=\"_blanc\">Fornleifastofnunar \u00cdslands<\/a><\/p>\n<p>sj\u00e1 <a href=\"http:\/\/www.fornleifafelag.is\/fornleif.is\" target=\"_blanc\">forneif.is<\/a><\/p>\n<p>&nbsp;<\/p>\n<figure id=\"attachment_255\" aria-describedby=\"caption-attachment-255\" style=\"width: 300px\" class=\"wp-caption alignright\"><a href=\"http:\/\/fornleifafelag.is\/wp-content\/uploads\/2017\/01\/unnsteinn24.06.0617.56.40.jpg\"><img loading=\"lazy\" class=\"size-medium wp-image-255\" src=\"http:\/\/fornleifafelag.is\/wp-content\/uploads\/2017\/01\/unnsteinn24.06.0617.56.40-300x225.jpg\" alt=\"\" width=\"300\" height=\"225\" srcset=\"http:\/\/fornleifafelag.is\/wp-content\/uploads\/2017\/01\/unnsteinn24.06.0617.56.40-300x225.jpg 300w, http:\/\/fornleifafelag.is\/wp-content\/uploads\/2017\/01\/unnsteinn24.06.0617.56.40-768x576.jpg 768w, http:\/\/fornleifafelag.is\/wp-content\/uploads\/2017\/01\/unnsteinn24.06.0617.56.40-1024x768.jpg 1024w, http:\/\/fornleifafelag.is\/wp-content\/uploads\/2017\/01\/unnsteinn24.06.0617.56.40-1200x900.jpg 1200w\" sizes=\"(max-width: 300px) 100vw, 300px\" \/><\/a><figcaption id=\"caption-attachment-255\" class=\"wp-caption-text\">Fer\u00f0alangar vi\u00f0 forna t\u00f3ft.<\/figcaption><\/figure>\n<figure id=\"attachment_256\" aria-describedby=\"caption-attachment-256\" style=\"width: 300px\" class=\"wp-caption alignright\"><a href=\"http:\/\/fornleifafelag.is\/wp-content\/uploads\/2017\/01\/unnsteinn24.06.0617.42.31l.jpg\"><img loading=\"lazy\" class=\"size-medium wp-image-256\" src=\"http:\/\/fornleifafelag.is\/wp-content\/uploads\/2017\/01\/unnsteinn24.06.0617.42.31l-300x225.jpg\" alt=\"\" width=\"300\" height=\"225\" srcset=\"http:\/\/fornleifafelag.is\/wp-content\/uploads\/2017\/01\/unnsteinn24.06.0617.42.31l-300x225.jpg 300w, http:\/\/fornleifafelag.is\/wp-content\/uploads\/2017\/01\/unnsteinn24.06.0617.42.31l.jpg 640w\" sizes=\"(max-width: 300px) 100vw, 300px\" \/><\/a><figcaption id=\"caption-attachment-256\" class=\"wp-caption-text\">\u00deinga\u00f0 um \u00feingsta\u00f0.<\/figcaption><\/figure>\n<figure id=\"attachment_257\" aria-describedby=\"caption-attachment-257\" style=\"width: 300px\" class=\"wp-caption alignright\"><a href=\"http:\/\/fornleifafelag.is\/wp-content\/uploads\/2017\/01\/unnsteinn24.06.0617.40.41l.jpg\"><img loading=\"lazy\" class=\"size-medium wp-image-257\" src=\"http:\/\/fornleifafelag.is\/wp-content\/uploads\/2017\/01\/unnsteinn24.06.0617.40.41l-300x225.jpg\" alt=\"\" width=\"300\" height=\"225\" srcset=\"http:\/\/fornleifafelag.is\/wp-content\/uploads\/2017\/01\/unnsteinn24.06.0617.40.41l-300x225.jpg 300w, http:\/\/fornleifafelag.is\/wp-content\/uploads\/2017\/01\/unnsteinn24.06.0617.40.41l.jpg 640w\" sizes=\"(max-width: 300px) 100vw, 300px\" \/><\/a><figcaption id=\"caption-attachment-257\" class=\"wp-caption-text\">Gantast yfir gar\u00f0lagi<\/figcaption><\/figure>\n<figure id=\"attachment_258\" aria-describedby=\"caption-attachment-258\" style=\"width: 300px\" class=\"wp-caption alignright\"><a href=\"http:\/\/fornleifafelag.is\/wp-content\/uploads\/2017\/01\/unnsteinn24.06.0617.45.15l.jpg\"><img loading=\"lazy\" class=\"size-medium wp-image-258\" src=\"http:\/\/fornleifafelag.is\/wp-content\/uploads\/2017\/01\/unnsteinn24.06.0617.45.15l-300x225.jpg\" alt=\"\" width=\"300\" height=\"225\" srcset=\"http:\/\/fornleifafelag.is\/wp-content\/uploads\/2017\/01\/unnsteinn24.06.0617.45.15l-300x225.jpg 300w, http:\/\/fornleifafelag.is\/wp-content\/uploads\/2017\/01\/unnsteinn24.06.0617.45.15l.jpg 640w\" sizes=\"(max-width: 300px) 100vw, 300px\" \/><\/a><figcaption id=\"caption-attachment-258\" class=\"wp-caption-text\">Og enn\u00fe\u00e1 fleiri gestir \u00e1 lei\u00f0 \u00ed \u00deingey.<\/figcaption><\/figure>\n<figure id=\"attachment_259\" aria-describedby=\"caption-attachment-259\" style=\"width: 300px\" class=\"wp-caption alignright\"><a href=\"http:\/\/fornleifafelag.is\/wp-content\/uploads\/2017\/01\/unnsteinn24.06.0617.37.00l.jpg\"><img loading=\"lazy\" class=\"size-medium wp-image-259\" src=\"http:\/\/fornleifafelag.is\/wp-content\/uploads\/2017\/01\/unnsteinn24.06.0617.37.00l-300x225.jpg\" alt=\"\" width=\"300\" height=\"225\" srcset=\"http:\/\/fornleifafelag.is\/wp-content\/uploads\/2017\/01\/unnsteinn24.06.0617.37.00l-300x225.jpg 300w, http:\/\/fornleifafelag.is\/wp-content\/uploads\/2017\/01\/unnsteinn24.06.0617.37.00l.jpg 640w\" sizes=\"(max-width: 300px) 100vw, 300px\" \/><\/a><figcaption id=\"caption-attachment-259\" class=\"wp-caption-text\">Fleiri g\u00f3\u00f0ir gestir \u00ed \u00deingey<\/figcaption><\/figure>\n<figure id=\"attachment_260\" aria-describedby=\"caption-attachment-260\" style=\"width: 300px\" class=\"wp-caption alignright\"><a href=\"http:\/\/fornleifafelag.is\/wp-content\/uploads\/2017\/01\/unnsteinn24.06.0617.18.06l.jpg\"><img loading=\"lazy\" class=\"size-medium wp-image-260\" src=\"http:\/\/fornleifafelag.is\/wp-content\/uploads\/2017\/01\/unnsteinn24.06.0617.18.06l-300x225.jpg\" alt=\"\" width=\"300\" height=\"225\" srcset=\"http:\/\/fornleifafelag.is\/wp-content\/uploads\/2017\/01\/unnsteinn24.06.0617.18.06l-300x225.jpg 300w, http:\/\/fornleifafelag.is\/wp-content\/uploads\/2017\/01\/unnsteinn24.06.0617.18.06l.jpg 640w\" sizes=\"(max-width: 300px) 100vw, 300px\" \/><\/a><figcaption id=\"caption-attachment-260\" class=\"wp-caption-text\">Gestir \u00ed \u00deingey<\/figcaption><\/figure>\n<figure id=\"attachment_261\" aria-describedby=\"caption-attachment-261\" style=\"width: 300px\" class=\"wp-caption alignright\"><a href=\"http:\/\/fornleifafelag.is\/wp-content\/uploads\/2017\/01\/unnsteinn24.06.0617.12.57l.jpg\"><img loading=\"lazy\" class=\"size-medium wp-image-261\" src=\"http:\/\/fornleifafelag.is\/wp-content\/uploads\/2017\/01\/unnsteinn24.06.0617.12.57l-300x225.jpg\" alt=\"\" width=\"300\" height=\"225\" srcset=\"http:\/\/fornleifafelag.is\/wp-content\/uploads\/2017\/01\/unnsteinn24.06.0617.12.57l-300x225.jpg 300w, http:\/\/fornleifafelag.is\/wp-content\/uploads\/2017\/01\/unnsteinn24.06.0617.12.57l.jpg 640w\" sizes=\"(max-width: 300px) 100vw, 300px\" \/><\/a><figcaption id=\"caption-attachment-261\" class=\"wp-caption-text\">K\u00f6nnunarskur\u00f0ur \u00ed gar\u00f0lag umhverfis b\u00fa\u00f0irnar<\/figcaption><\/figure>\n<figure id=\"attachment_262\" aria-describedby=\"caption-attachment-262\" style=\"width: 300px\" class=\"wp-caption alignright\"><a href=\"http:\/\/fornleifafelag.is\/wp-content\/uploads\/2017\/01\/unnsteinn24.06.0617.09.30l.jpg\"><img loading=\"lazy\" class=\"size-medium wp-image-262\" src=\"http:\/\/fornleifafelag.is\/wp-content\/uploads\/2017\/01\/unnsteinn24.06.0617.09.30l-300x225.jpg\" alt=\"\" width=\"300\" height=\"225\" srcset=\"http:\/\/fornleifafelag.is\/wp-content\/uploads\/2017\/01\/unnsteinn24.06.0617.09.30l-300x225.jpg 300w, http:\/\/fornleifafelag.is\/wp-content\/uploads\/2017\/01\/unnsteinn24.06.0617.09.30l.jpg 640w\" sizes=\"(max-width: 300px) 100vw, 300px\" \/><\/a><figcaption id=\"caption-attachment-262\" class=\"wp-caption-text\">Veggur \u00feingb\u00fa\u00f0arinnar a\u00f0 koma \u00ed lj\u00f3s<\/figcaption><\/figure>\n<figure id=\"attachment_263\" aria-describedby=\"caption-attachment-263\" style=\"width: 300px\" class=\"wp-caption alignright\"><a href=\"http:\/\/fornleifafelag.is\/wp-content\/uploads\/2017\/01\/unnsteinn24.06.0617.01.01l.jpg\"><img loading=\"lazy\" class=\"size-medium wp-image-263\" src=\"http:\/\/fornleifafelag.is\/wp-content\/uploads\/2017\/01\/unnsteinn24.06.0617.01.01l-300x225.jpg\" alt=\"\" width=\"300\" height=\"225\" srcset=\"http:\/\/fornleifafelag.is\/wp-content\/uploads\/2017\/01\/unnsteinn24.06.0617.01.01l-300x225.jpg 300w, http:\/\/fornleifafelag.is\/wp-content\/uploads\/2017\/01\/unnsteinn24.06.0617.01.01l.jpg 640w\" sizes=\"(max-width: 300px) 100vw, 300px\" \/><\/a><figcaption id=\"caption-attachment-263\" class=\"wp-caption-text\">Fyrsta sk\u00f3flustungan \u00ed \u00feingb\u00fa\u00f0art\u00f3ftina.<\/figcaption><\/figure>\n<figure id=\"attachment_264\" aria-describedby=\"caption-attachment-264\" style=\"width: 300px\" class=\"wp-caption alignright\"><a href=\"http:\/\/fornleifafelag.is\/wp-content\/uploads\/2017\/01\/unnsteinn24.06.0616.56.28l.jpg\"><img loading=\"lazy\" class=\"size-medium wp-image-264\" src=\"http:\/\/fornleifafelag.is\/wp-content\/uploads\/2017\/01\/unnsteinn24.06.0616.56.28l-300x225.jpg\" alt=\"\" width=\"300\" height=\"225\" srcset=\"http:\/\/fornleifafelag.is\/wp-content\/uploads\/2017\/01\/unnsteinn24.06.0616.56.28l-300x225.jpg 300w, http:\/\/fornleifafelag.is\/wp-content\/uploads\/2017\/01\/unnsteinn24.06.0616.56.28l.jpg 640w\" sizes=\"(max-width: 300px) 100vw, 300px\" \/><\/a><figcaption id=\"caption-attachment-264\" class=\"wp-caption-text\">\u00cd mi\u00f0ri Bj\u00fageyjarkv\u00edsl<\/figcaption><\/figure>\n<figure id=\"attachment_265\" aria-describedby=\"caption-attachment-265\" style=\"width: 300px\" class=\"wp-caption alignright\"><a href=\"http:\/\/fornleifafelag.is\/wp-content\/uploads\/2017\/01\/unnsteinn24.06.0616.48.59l.jpg\"><img loading=\"lazy\" class=\"size-medium wp-image-265\" src=\"http:\/\/fornleifafelag.is\/wp-content\/uploads\/2017\/01\/unnsteinn24.06.0616.48.59l-300x225.jpg\" alt=\"\" width=\"300\" height=\"225\" srcset=\"http:\/\/fornleifafelag.is\/wp-content\/uploads\/2017\/01\/unnsteinn24.06.0616.48.59l-300x225.jpg 300w, http:\/\/fornleifafelag.is\/wp-content\/uploads\/2017\/01\/unnsteinn24.06.0616.48.59l.jpg 640w\" sizes=\"(max-width: 300px) 100vw, 300px\" \/><\/a><figcaption id=\"caption-attachment-265\" class=\"wp-caption-text\">Ranns\u00f3knarh\u00f3pur ve\u00f0ur af sta\u00f0 \u00fat \u00ed \u00deingey<\/figcaption><\/figure>\n","protected":false},"excerpt":{"rendered":"<p>Ranns\u00f3knir \u00ed \u00deingey 2005. Br\u00e1\u00f0abirg\u00f0ask\u00fdrsla Forn gar\u00f0l\u00f6g \u00ed S-\u00deingeyjars\u00fdslu Um \u00feessar mundir fer fram umfangsmikil ranns\u00f3kn \u00e1 gar\u00f0l\u00f6gum \u00ed Su\u00f0ur-\u00deingeyjars\u00fdslu. \u00dear finnast v\u00ed\u00f0a miklir og fornlegir gar\u00f0ar sem liggja b\u00e6\u00f0i \u00e1 hei\u00f0um uppi og ni\u00f0ri \u00ed bygg\u00f0. K\u00f6nnun og kortlagning \u00e1 loftmyndum hefur leitt \u00ed lj\u00f3s alls um 150 km af g\u00f6r\u00f0um. B\u00e6ndur hafa veitt &hellip; <\/p>\n<p class=\"link-more\"><a href=\"http:\/\/fornleifafelag.is\/?page_id=254\" class=\"more-link\">Lesa \u00e1fram<span class=\"screen-reader-text\"> &#8222;\u00deingey&#8220;<\/span><\/a><\/p>\n","protected":false},"author":3,"featured_media":0,"parent":252,"menu_order":0,"comment_status":"closed","ping_status":"closed","template":"","meta":[],"_links":{"self":[{"href":"http:\/\/fornleifafelag.is\/index.php?rest_route=\/wp\/v2\/pages\/254"}],"collection":[{"href":"http:\/\/fornleifafelag.is\/index.php?rest_route=\/wp\/v2\/pages"}],"about":[{"href":"http:\/\/fornleifafelag.is\/index.php?rest_route=\/wp\/v2\/types\/page"}],"author":[{"embeddable":true,"href":"http:\/\/fornleifafelag.is\/index.php?rest_route=\/wp\/v2\/users\/3"}],"replies":[{"embeddable":true,"href":"http:\/\/fornleifafelag.is\/index.php?rest_route=%2Fwp%2Fv2%2Fcomments&post=254"}],"version-history":[{"count":0,"href":"http:\/\/fornleifafelag.is\/index.php?rest_route=\/wp\/v2\/pages\/254\/revisions"}],"up":[{"embeddable":true,"href":"http:\/\/fornleifafelag.is\/index.php?rest_route=\/wp\/v2\/pages\/252"}],"wp:attachment":[{"href":"http:\/\/fornleifafelag.is\/index.php?rest_route=%2Fwp%2Fv2%2Fmedia&parent=254"}],"curies":[{"name":"wp","href":"https:\/\/api.w.org\/{rel}","templated":true}]}}