{"id":355,"date":"2017-01-23T22:34:48","date_gmt":"2017-01-23T22:34:48","guid":{"rendered":"http:\/\/blekhonnun.is\/fornleifafelag\/?page_id=2"},"modified":"2017-01-23T22:34:48","modified_gmt":"2017-01-23T22:34:48","slug":"um-felagid","status":"publish","type":"page","link":"http:\/\/fornleifafelag.is\/?page_id=355","title":{"rendered":"Um f\u00e9lagi\u00f0"},"content":{"rendered":"<p>Hi\u00f0 \u00feingeyska fornleifaf\u00e9lag var stofna\u00f0 \u00feann 2. okt\u00f3ber 2004 \u00e1 Narfast\u00f6\u00f0um \u00ed Reykjadal. Stofna\u00f0ilar voru 10 talsins, einstaklingar, fyrirt\u00e6ki og stofnanir \u00ed \u00deingeyjars\u00fdslu. Sam\u00feykktir og fundarger\u00f0ir m\u00e1 sj\u00e1 h\u00e9r. Markmi\u00f0 f\u00e9lagsins er a\u00f0 a\u00f0 efla ranns\u00f3knir \u00e1 \u00edslenskri mi\u00f0aldamenningu, undirb\u00faa og framkv\u00e6ma fornleifaskr\u00e1ningu og fornleifaranns\u00f3knir \u00ed \u00deingeyjar\u00feingi og skapa styrkari forsendur fyrir menningartengda fer\u00f0amennsku \u00ed \u00deingeyjar\u00feingi. F\u00e9lagi\u00f0 hefur noti\u00f0 mikillar velvildar fyrirt\u00e6kja og stofnana og eru verkefni fj\u00e1rm\u00f6gnu\u00f0 me\u00f0 styrkjum fr\u00e1 fyrirt\u00e6kjum og stofnunum og hefur hloti\u00f0 styrki \u00e1 fj\u00e1rl\u00f6gum \u00edslenska r\u00edkisins. F\u00e9lagi\u00f0 starfar n\u00e1i\u00f0 me\u00f0 Fornleifastofnun \u00cdslands sem annast v\u00edsindalega r\u00e1\u00f0gj\u00f6f og framkv\u00e6md skr\u00e1ninga og ranns\u00f3kna \u00e1 vegum f\u00e9lagsins.<\/p>\n","protected":false},"excerpt":{"rendered":"<p>Hi\u00f0 \u00feingeyska fornleifaf\u00e9lag var stofna\u00f0 \u00feann 2. okt\u00f3ber 2004 \u00e1 Narfast\u00f6\u00f0um \u00ed Reykjadal. Stofna\u00f0ilar voru 10 talsins, einstaklingar, fyrirt\u00e6ki og stofnanir \u00ed \u00deingeyjars\u00fdslu. Sam\u00feykktir og fundarger\u00f0ir m\u00e1 sj\u00e1 h\u00e9r. Markmi\u00f0 f\u00e9lagsins er a\u00f0 a\u00f0 efla ranns\u00f3knir \u00e1 \u00edslenskri mi\u00f0aldamenningu, undirb\u00faa og framkv\u00e6ma fornleifaskr\u00e1ningu og fornleifaranns\u00f3knir \u00ed \u00deingeyjar\u00feingi og skapa styrkari forsendur fyrir menningartengda fer\u00f0amennsku \u00ed &hellip; <\/p>\n<p class=\"link-more\"><a href=\"http:\/\/fornleifafelag.is\/?page_id=355\" class=\"more-link\">Lesa \u00e1fram<span class=\"screen-reader-text\"> &#8222;Um f\u00e9lagi\u00f0&#8220;<\/span><\/a><\/p>\n","protected":false},"author":3,"featured_media":0,"parent":0,"menu_order":0,"comment_status":"closed","ping_status":"open","template":"","meta":[],"_links":{"self":[{"href":"http:\/\/fornleifafelag.is\/index.php?rest_route=\/wp\/v2\/pages\/355"}],"collection":[{"href":"http:\/\/fornleifafelag.is\/index.php?rest_route=\/wp\/v2\/pages"}],"about":[{"href":"http:\/\/fornleifafelag.is\/index.php?rest_route=\/wp\/v2\/types\/page"}],"author":[{"embeddable":true,"href":"http:\/\/fornleifafelag.is\/index.php?rest_route=\/wp\/v2\/users\/3"}],"replies":[{"embeddable":true,"href":"http:\/\/fornleifafelag.is\/index.php?rest_route=%2Fwp%2Fv2%2Fcomments&post=355"}],"version-history":[{"count":0,"href":"http:\/\/fornleifafelag.is\/index.php?rest_route=\/wp\/v2\/pages\/355\/revisions"}],"wp:attachment":[{"href":"http:\/\/fornleifafelag.is\/index.php?rest_route=%2Fwp%2Fv2%2Fmedia&parent=355"}],"curies":[{"name":"wp","href":"https:\/\/api.w.org\/{rel}","templated":true}]}}